 prime factors of v?
5, 71
Suppose -4*s - 51 = 5*w, s + 3*w - 6 = 8*w. Let u(f) = 4*f**2 + 5*f + 4. List the prime factors of u(s).
283
Let h(p) = 27*p**3 + 18*p**2 - 20*p - 33. What are the prime factors of h(9)?
2, 3, 109
Suppose 7*h = 627 + 2516. Suppose -h*j = -451*j + 1642. What are the prime factors of j?
821
Let u be (-111)/(-21) - (-2)/(-7). Let l(h) = 3*h. Let z(n) = -28*n + 12. Let j(b) = 18*l(b) + 2*z(b). What are the prime factors of j(u)?
2, 7
Let c(p) = 21*p**3 + 12*p**2 + 2*p + 4. What are the prime factors of c(3)?
5, 137
Let s be 6 + 8/(-10) + 302/(-10). List the prime factors of (24/2)/2 - s*63.
3, 17, 31
Suppose 4*i = 106 - 94. Suppose 866 = i*b + 23. List the prime factors of b.
281
Let d = -22 + 51. Let c = 56 - d. What are the prime factors of (183*1)/(c/18)?
2, 61
Let m(w) = 18*w**2 - 29*w - 104. Let b be m(-4). Suppose 0 = b*t - 306*t + 1362. List the prime factors of t.
227
Let s(q) = 230*q - 13 + 42 - 16 + 63. What are the prime factors of s(6)?
2, 7, 13
Suppose 71*q - 2832 = 79*q. Let f = q + 619. List the prime factors of f.
5, 53
Let u(h) = h**2 - 20*h + 103. Let p be u(10). What are the prime factors of p + 1 + -1 + (-2 - -24)?
5
Let u be (-7 + 2)*2/(-5). What are the prime factors of (-4702 - 5)/3*u/(-6)?
523
Let m(i) be the first derivative of i**4/4 + 5*i**3/3 + i**2 - 6*i - 62. What are the prime factors of m(-3)?
2, 3
Let f be 60/25 + 1/(-10)*-6. Suppose a - 4*n = -0*a + 471, -4*n - 1429 = -f*a. What are the prime factors of a?
479
Let z(q) = -q**2 + 5*q + 8. Let m be 1 - -2 - (3 - 6). Let s be z(m). List the prime factors of 3/6*s + 107.
2, 3
Let g = -8482 + 10951. What are the prime factors of g?
3, 823
Suppose c + 55 = 6*c. Let w(s) = c - 5 + 2*s + 2*s**2 - 6. List the prime factors of w(-6).
2, 3, 5
What are the prime factors of (-4)/6*22268547/(-378) - 2/(-3)?
5, 1571
Let u(g) = 8*g**3 + 2*g**2 + 5*g - 5. Let s be u(-3). Let c = -164 - s. List the prime factors of c.
2, 3
Suppose -4*l = 3*u - 25, -5*u - 2*l + 31 = -6*l. Let m(w) = 94*w - 17. What are the prime factors of m(u)?
641
Suppose -23*l = -396*l + 14814068. List the prime factors of l.
2, 9929
Let j(b) be the second derivative of b**4/12 - b**3 + 8*b**2 - 11*b. Let p be j(5). What are the prime factors of ((p/(-22))/((-2)/292))/1?
73
Let y(z) = -6*z**3 - 2*z**2 + z. Let g = -83 - -84. Let r be y(g). List the prime factors of 33/77 + (-1117)/r.
2, 5
Suppose 13*y - 829738 = -34*y. List the prime factors of y.
2, 7, 13, 97
Suppose 5*d = 5*i + 10, -2 - 11 = -i - 2*d. Suppose i*t = -30 - 0. List the prime factors of 4/t + (-810)/(-25).
2
Suppose -21*z - 21 - 21 = 0. Let w be 2 + z + 1 + -3. What are the prime factors of w + 1 + -2 + 275?
2, 17
Let k(t) = 61*t - 8. Let d be k(3). Suppose 703 = 2*w - d. List the prime factors of w.
439
Let n(d) = d**3 - 10*d**2 + 23*d - 172. Let i(o) = -o**3 - 7*o**2 - 7*o + 26. Let y be i(-5). List the prime factors of n(y).
2, 101
Suppose 24*x + 1483 = 163. List the prime factors of (-33)/x - (-2337)/5.
2, 3, 13
Suppose -3*d + 6*d = 330. Let c = 127 - d. List the prime factors of c.
17
Let l(u) = 4*u**3 - 23*u**2 - 7*u - 6. Let o be 174/21 + (-20)/70. What are the prime factors of l(o)?
2, 257
Let y = 426 + -406. Suppose 0 = 14*r - y*r + 2070. List the prime factors of r.
3, 5, 23
Let y(w) = w**3 + 15*w**2 - 39*w + 26. Let g(h) = h**3 - 25*h**2 - 17. Let v be g(25). What are the prime factors of y(v)?
3, 37
Let w = 174 + -170. Suppose 0 = 2*d - a - 654, 0*d = 2*d + w*a - 634. List the prime factors of d.
5, 13
Let z = -7 - -9. Let c(n) = 8*n + 3 - 9*n - 3*n - 2*n**3 + n**z - 2. What are the prime factors of c(-3)?
2, 19
Let b = -3764 - -17834. What are the prime factors of b?
2, 3, 5, 7, 67
Let m = 60478 - 24074. What are the prime factors of m?
2, 19, 479
Suppose -4*j - 73 = -5*a - 264, 2*a = 3*j - 138. What are the prime factors of 1004/42 - j/(-462)?
2, 3
Let v(c) = -12*c + 79. Let y be v(6). Suppose 2*r = 6, -4*r + y*r = 5*g - 296. What are the prime factors of g?
61
Let k(g) = 4*g**2 - 20*g - 115. Let l(u) = u + 26. Let z be l(-37). What are the prime factors of k(z)?
19, 31
Let v = 147 - 141. Suppose 613 = 5*q - 4*z, v*z - z - 15 = 0. What are the prime factors of q?
5
Suppose 347480 = 11*h + 11*h + 13*h. List the prime factors of h.
2, 17, 73
Let t = 19889 - 13879. Suppose 5*c + 3*p - t = 0, 0 = -42*c + 41*c - 5*p + 1202. List the prime factors of c.
2, 601
Let z = 3130 + 7702. What are the prime factors of z?
2, 677
Let c = -76081 - -108826. List the prime factors of c.
3, 5, 37, 59
Let y = -9043 - -16696. List the prime factors of y.
3, 2551
List the prime factors of 474*((-50)/(-105))/5*7.
2, 79
Let h be 4 - (-3 - 1*255). Let l(u) = -u**3 - 10*u**2 + 6*u + 19. Let g be l(-7). Let n = g + h. List the prime factors of n.
2, 23
Let c(i) = 3*i**2 - 10*i - 20. Let u be c(13). Suppose 87*z - u = 86*z. What are the prime factors of z?
3, 7, 17
Let r be (-6)/3 + 0 + 7. Let m be -15 - (-1 - -1) - (-5 - -5). List the prime factors of 70 - 1/(r/m).
73
Suppose 5*l = -3*w + 4*w - 64, w + 3*l = 64. Suppose -3*j + 8*j - 605 = 0. Let m = j + w. What are the prime factors of m?
5, 37
Let o be 2/3 + 435/9. Let y = o - 49. List the prime factors of ((-2 - y) + -81)*(-2)/2.
83
Let v(s) = 110*s + 48. Let m be v(3). What are the prime factors of (-5)/((-45)/m)*12?
2, 3, 7
Suppose -3*j - 5*x = -1, 5 = -8*j + 5*j - 2*x. List the prime factors of j + (0 - 2)/(16/(-1816)).
2, 7
Suppose -4*b - 146 = -o, -2*b + 7*b = -5*o - 195. List the prime factors of 1 - -458 - (b - -33).
463
Let l = -30438 + 119919. List the prime factors of l.
3, 7, 4261
Let d = -80 + 91. Suppose -112 = d*l - 3126. List the prime factors of l.
2, 137
Let f(t) = -357*t - 47. Let p be f(-8). Let d = -1968 + p. List the prime factors of d.
29
Suppose l - 11*l = -0*l. List the prime factors of (-84)/126 + l + 509/3.
13
Let m(s) = 21*s**2 - 36*s - 211. List the prime factors of m(-26).
43, 347
Suppose 83*t + 1115080 = 7655148. What are the prime factors of t?
2, 19699
Let b(v) = -11 - 14 + 2*v - 2 + 2. Let a(c) = -2*c + 26. Let l(y) = -2*a(y) - 3*b(y). What are the prime factors of l(-20)?
3, 7
Let f(b) = b**2 + 3*b - 4. Let v be f(-4). Suppose v = -5*m - 8*q + 4*q + 7, m - 4*q - 11 = 0. Suppose m*n = n + 222. What are the prime factors of n?
3, 37
Let q be (-32060)/(-16) - 8/(-32). Suppose -q - 5816 = -17*h. What are the prime factors of h?
2, 5, 23
Let o be 137412/22 - (0 - -2). Suppose -o = -8*x - 6*x. List the prime factors of x.
2, 223
What are the prime factors of ((-7113)/4)/((-1359)/12684)?
7, 2371
Let p(k) = k**3 + 7*k**2 + 20*k + 31. What are the prime factors of p(15)?
5281
List the prime factors of 0 + (-2)/(-16) + (-8334970)/(-1840).
2, 3, 5, 151
Let p(c) = 26*c + 10. Let u be (-6)/(-39) + (-45)/39. Let h be 0/2 - (2 - -1)*u. What are the prime factors of p(h)?
2, 11
Suppose -7*c = -6*c + 25. Let y = c - 23. Let u = y + 160. What are the prime factors of u?
2, 7
Let j = 41 + -23. Suppose 3*w = -15, -3*d - 2*w + j + 29 = 0. Let p(a) = 3*a**2 - 46*a - 23. List the prime factors of p(d).
2, 3, 31
Let l be 11/(22/14) + -7. Suppose 6*u - 4*u = 5*n + 1984, l = -4*n - 8. What are the prime factors of u?
3, 7, 47
Let t = 3445 - 1569. Let s = t - 1191. Suppose s + 85 = 5*h. List the prime factors of h.
2, 7, 11
Let n(r) = 34*r**2 - 47*r - 950. What are the prime factors of n(-32)?
2, 3, 5, 131
Let h = 554 + -1214. Let p = h + 1781. What are the prime factors of p?
19, 59
Suppose -2*i = c - 36605, 0 = -5*c - 6*i + 134796 + 48241. List the prime factors of c.
31, 1181
What are the prime factors of (4/4)/((-118)/(-1247614))?
97, 109
Let h(y) = 18*y**3 - 2*y**2 + 2*y + 3. Let l be h(3). Let z = 2992 + -2984. Suppose -z*a + l = -11. What are the prime factors of a?
61
Suppose 0 = -89*l + 84*l + 11550. Suppose l - 425 = 13*z. List the prime factors of z.
5, 29
Suppose -5*c = 3*b + 1, -c - 6 = -3*b + 23. Let d(z) be the second derivative of 11*z**3/6 - 7*z**2/2 + z. What are the prime factors of d(b)?
3
Suppose -4*z - 8*z = -4*z - 18352. List the prime factors of z.
2, 31, 37
Suppose 0 = 5*j + b + 32, -2*j + 0 = 4*b + 2. Let p be (j + -1)/(3/6). What are the prime factors of (p/20)/((-4)/130)?
2, 13
Let p(a) = 7*a**3 - 47*a**2 - 57*a + 581. What are the prime factor